ommon divisor of p and i.
7
Let t = 8 - 13. Let u = -4 - t. Suppose o - u = 10. Calculate the greatest common divisor of 11 and o.
11
Let v(o) = 8*o**3 - o**2. Let m be v(2). What is the greatest common factor of m and 15?
15
Suppose 20*p - 21*p + 3 = 0. Let y = 39 - 22. Suppose -2*q + y = 3*b - 19, 0 = -q + 5*b - 8. What is the highest common divisor of q and p?
3
Let f = 183 + -140. Calculate the greatest common divisor of 43 and f.
43
Let d = 18 + 9. What is the greatest common divisor of d and 189?
27
Let z(w) = -27*w. Let d be z(-3). Suppose 5*f - 44 = 1. What is the greatest common factor of d and f?
9
Suppose 6*w - w - 560 = 0. Calculate the highest common factor of w and 16.
16
Suppose 0 = -b + 5 - 125. Let r = -4 - -9. Let d be ((-1)/2)/(r/b). What is the greatest common factor of d and 48?
12
Let v(l) = 7*l**2 - 3. Let z(j) = j**3 - j**2 + j. Let o(s) = -v(s) + z(s). Let r be o(6). Let f = 171 + r. Calculate the greatest common factor of f and 12.
12
Let u(c) = 19*c**3 - c**2 + c - 1. Let x be u(1). Calculate the highest common factor of x and 12.
6
Let u = 4 - 0. What is the greatest common divisor of u and 4?
4
Let r(d) = 4*d - 4. Let b be r(5). Let u = 2 + 2. What is the greatest common divisor of u and b?
4
Let m(z) = -z**2 - 9*z + 11. Let k(j) = -j**3 + 6*j**2 + 7*j - 9. Let f be k(7). Let q be m(f). What is the highest common divisor of 44 and q?
11
Let n(k) = -k**3 - 5*k**2 + 6*k. Let i(b) = b**2 - 1. Let o(r) = -2*i(r) + n(r). Let y be o(-8). Calculate the highest common factor of y and 36.
18
Let i = 9 - 2. Suppose 4*u - u = -249. Let d = -48 - u. Calculate the greatest common factor of d and i.
7
Suppose -8 = -2*j + 4. Let m be 3/9 + 100/(-12). Let p be (m/j)/(2/(-27)). What is the highest common divisor of p and 12?
6
Suppose -4*i + 0*i + 28 = 0. Let p(c) = 42*c**3. Let m be p(1). Suppose 0 = -a - a + m. What is the greatest common divisor of a and i?
7
Suppose -4*i + 42 = 3*i. What is the greatest common factor of i and 66?
6
Let j = 5 - -43. What is the highest common factor of 6 and j?
6
Let p(g) = g**3 - 3*g**2 + 3*g. Let l be p(2). Suppose -5*s = -l*y - 2*y + 87, -4*s - 12 = 0. What is the highest common divisor of y and 126?
18
Let z(p) = -p**3 + 3*p**2 + 11*p + 4. Let y be z(-4). What is the greatest common divisor of 96 and y?
24
Let z(c) = c**2 + 7*c + 7. Let g be z(-7). Let v = 16 - g. Calculate the highest common factor of v and 63.
9
Let h(l) = -13*l**3 - 2*l**2 - l. Let i be h(-1). Let m = 47 + -44. Calculate the highest common factor of i and m.
3
Let x be (6 - 0)*14/21. Let k = x - -5. Suppose -y + 81 + k = 0. Calculate the greatest common divisor of 10 and y.
10
Let v(w) = w**2 + 7*w + 3. Let r be v(-7). Suppose -2*o + r = -41. Calculate the highest common factor of 55 and o.
11
Let o = -28 + 33. What is the highest common factor of 15 and o?
5
Suppose -5*h = 3*m - 62, -m = -4*h - 0*h + 53. Calculate the highest common divisor of 143 and h.
13
Let f = -3 + 7. Calculate the highest common factor of 2 and f.
2
Let v(b) = b**2 + 3*b. Let h be v(-4). Let f be (-2)/6 - (-294)/18. What is the greatest common divisor of f and h?
4
Suppose 0 = n - 4*n + 255. What is the greatest common factor of 17 and n?
17
Let h = -28 - -47. Suppose 0 = y - 5*i + 131, -2*i = i + 12. Let m = 284 + y. Calculate the greatest common factor of h and m.
19
Let a(q) = 65*q**3 - q**2 - q + 1. Let c be a(1). Calculate the highest common divisor of c and 16.
16
Suppose -k - 54 = -175. Calculate the highest common divisor of k and 11.
11
Let u be (0 + 1)/(1/7). Let s(l) = 4*l**2 - 5*l - 7. Let m be s(u). Suppose 0 = -3*d + 52 - 10. Calculate the greatest common divisor of d and m.
14
Let m be 0 + -2*(-2046)/4. Let x be m/21 + (-2)/(-7). Let a(h) = h**3 + 6*h**2 + 4*h + 2. Let c be a(-5). Calculate the greatest common divisor of c and x.
7
Suppose 6*p - 49 = -p. What is the greatest common factor of p and 133?
7
Let i be (-12)/48 + 21/4. Calculate the highest common factor of i and 1.
1
Let j be ((-294)/15)/(4 + 105/(-25)). Let i(k) = 6*k - 4. Let q be i(3). Calculate the greatest common factor of j and q.
14
Suppose -4 - 8 = -o. Let c be (-33)/o*(-17 - 3). Let p(l) = 2*l**2 + 2*l - 2. Let r be p(-4). Calculate the greatest common divisor of r and c.
11
Suppose 0 = 5*h + 3*n + 91, -2*n - 3 = 1. Let y = -6 - h. Let v = -26 + 70. Calculate the greatest common divisor of v and y.
11
Let g(q) = -q + 10. Let l be g(6). Suppose 3 = -l*j + 11. Let u = 6 + -4. What is the highest common divisor of u and j?
2
Let r(o) = -33*o**3 + o**2 + 5*o + 3. Let m be r(-1). What is the highest common factor of 4 and m?
4
Suppose 0 = b - 4*b + 15. Let q = b + -1. What is the greatest common divisor of 28 and q?
4
Suppose 4*t = u - 12, -2*t = 2*t + 4*u - 8. Let l(g) = 2*g**2 - 2*g. Let d be l(t). Calculate the highest common factor of 132 and d.
12
Suppose 2*t - 4*o = -t + 231, -2*t = 3*o - 171. Let r = t + -47. Suppose -c = 2*c - 255. What is the highest common divisor of c and r?
17
Let a(o) = -7*o + 6*o**2 - 6*o**2 + 2 + o**2. Let i be a(5). Let j be (-33)/(-12)*-1*i. What is the greatest common divisor of 242 and j?
22
Let y = 0 + 0. Let k be 55 - ((-6)/(-2) - 4). Suppose y = -0*q - 4*q + k. Calculate the highest common divisor of q and 2.
2
Let b be 2/(-9) + (-330)/(-27). Let v be (6/(-8))/((-3)/528). What is the highest common factor of v and b?
12
Let a = -41 - -74. What is the greatest common divisor of 11 and a?
11
Suppose 5*w - 2*x - 289 = 53, 4*w - 2*x = 272. What is the greatest common factor of 28 and w?
14
Let o(q) = 17*q**2 + 2*q - 5. Let r be o(4). Suppose -5*s + 25 = -4*s. Calculate the highest common divisor of r and s.
25
Let x(v) = -4*v - 11. Let h be x(-8). Let y be h/9 - (-1)/(-3). What is the greatest common divisor of 8 and y?
2
Suppose a = 2*v + 6 + 6, 4*a + 4*v = -12. Suppose 4*y - 132 = a*y. Let j be 2/(4/(-2))*-6. Calculate the highest common factor of j and y.
6
Let g(k) = -k**3 + 11*k**2 - 4*k - 6. Let s be g(10). What is the greatest common divisor of s and 18?
18
Suppose -3*n + 22 = -n. Let p(g) = -g**3 - 19*g**2 - 34*g + 11. Let o be p(-17). What is the greatest common divisor of n and o?
11
Let n be 28/(-6)*9/(-2). Let s = -7 - -12. Suppose 4*c + 2*b - 2 = 24, s*c + 4*b - 31 = 0. Calculate the highest common divisor of c and n.
7
Let u = 117 - 81. Calculate the greatest common factor of 12 and u.
12
Let v be (1 - -45) + -8 + 4 + 0. What is the greatest common divisor of 3 and v?
3
Let p(u) = -4*u - 10. Let o be p(-4). What is the greatest common factor of o and 6?
6
Suppose 2*y + y - 4*n = 201, -5*n - 330 = -5*y. Calculate the highest common divisor of 42 and y.
21
Suppose 0 = 3*x + x - 16. Suppose -546 = -x*l - 130. What is the greatest common factor of 13 and l?
13
Let v = 10 - 2. Suppose 2*r + 5*h = 205, 4*h - v*h + 304 = 3*r. Let u = r - 55. What is the highest common divisor of u and 18?
9
Let g be (-80)/(-3) - (-3)/9. Let i be (14/(-35))/((-2)/90). Calculate the greatest common divisor of i and g.
9
Suppose 2*u = t - 20, -t - 4*t + 40 = 2*u. Let h = 0 - -70. What is the greatest common factor of t and h?
10
Suppose 5*c + 5 = 30. Let k be (-2)/4*(c + -35). What is the highest common divisor of k and 60?
15
Let w(u) = u**3 + 10*u**2 + 5*u - 4. Let o be w(-8). What is the greatest common factor of o and 12?
12
Suppose 0 = 2*w - 7*w + 35. Let t(k) = k**3 + 9*k**2 + 5*k + 2. Let j be t(-5). Calculate the greatest common factor of j and w.
7
Suppose 2*c = 7*c - 125. Calculate the highest common factor of c and 5.
5
Let j = 4 + -7. Let y be (-3 - 24)*80/j. Suppose -4*o - o = -y. Calculate the greatest common factor of 18 and o.
18
Suppose 5*l = d + 95, 0*d - 76 = -4*l + 2*d. What is the greatest common factor of l and 76?
19
Let p be (-6)/2*75/9. Let k = -7 - p. Calculate the greatest common divisor of k and 6.
6
Let m = -37 + 61. Calculate the highest common divisor of m and 216.
24
Let t(b) = 8*b**3 + b - 1. Let v be t(1). Suppose 0*g + g = v. Let q be (2 - g)*22/(-6). Calculate the highest common divisor of 55 and q.
11
Suppose -7 = u - 25. Suppose 3*d = 4*d - u. What is the highest common factor of d and 54?
18
Suppose -2*x = -0*x - 40. Let d = 25 - -57. Let o = -32 + d. What is the greatest common divisor of x and o?
10
L